{"id":2209,"date":"2017-02-03T12:32:43","date_gmt":"2017-02-03T11:32:43","guid":{"rendered":"https:\/\/www.neuromuscularbcn.org\/quienes_somos\/ana-carrasco\/"},"modified":"2017-02-03T12:32:43","modified_gmt":"2017-02-03T11:32:43","slug":"ana-carrasco","status":"publish","type":"quienes_somos","link":"https:\/\/www.neuromuscularbcn.org\/ca\/quienes_somos\/ana-carrasco\/","title":{"rendered":"Ana Carrasco"},"content":{"rendered":"<p>Ana Carrasco \u00e9s estudiant del M\u00e0ster en Fisiologia Integrativa impartit a la Facultat de Biologia de la Universitat de Barcelona. Est\u00e0 treballant com t\u00e8cnica superior de recerca a la Unitat de Malalties neuromusculars del servei de Neurologia de l\u2019Hospital de la Santa Creu i Sant Pau.<\/p>\n<p>A l\u2019any 2015, Ana es va graduar a Ci\u00e8ncies Biom\u00e8diques a la Universitat de Barcelona. A l\u2019octubre del mateix any es va incorporar al grup despr\u00e8s de realitzar les Pr\u00e0ctiques Acad\u00e8miques i el Treball de Final de Grau uns mesos abans.<\/p>\n<p>Durant la seva estada acad\u00e8mica, es va centrar en la recerca de biomarcadors en la dermatomiositis. Actualment, est\u00e0 contribuint en diverses l\u00ednies de recerca incloent: la identificaci\u00f3 de biomarcadors d\u2019utilitat per el diagn\u00f2stic de pacients amb Esclerosis Lateral Amiotr\u00f2fica i l\u2019an\u00e0lisi de l\u2019expressi\u00f3 de miRNAs a la patologia i en altres distr\u00f2fies muscular.<\/p>\n<p><strong>Formaci\u00f3 acad\u00e8mica:<\/strong><\/p>\n<ul>\n<li>Graduada en Ci\u00e8ncies Biom\u00e8dica, Facultat de Biologia, Universitat de Barcelona 2015<\/li>\n<li>Actualment: M\u00e0ster oficial en Fisiologia Integrativa, Facultat de Biologia, Universitat de Barcelona<\/li>\n<\/ul>\n","protected":false},"featured_media":2210,"menu_order":3110,"template":"","meta":{"_acf_changed":false,"inline_featured_image":false},"subequipo":[203],"class_list":["post-2209","quienes_somos","type-quienes_somos","status-publish","has-post-thumbnail","hentry","subequipo-antiguos-miembros"],"acf":[],"yoast_head":"<!-- This site is optimized with the Yoast SEO plugin v27.2 - https:\/\/yoast.com\/product\/yoast-seo-wordpress\/ -->\n<title>Ana Carrasco - Neuromuscular BCN<\/title>\n<meta name=\"robots\" content=\"index, follow, max-snippet:-1, max-image-preview:large, max-video-preview:-1\" \/>\n<link rel=\"canonical\" href=\"https:\/\/www.neuromuscularbcn.org\/ca\/quienes_somos\/ana-carrasco\/\" \/>\n<meta property=\"og:locale\" content=\"ca_ES\" \/>\n<meta property=\"og:type\" content=\"article\" \/>\n<meta property=\"og:title\" content=\"Ana Carrasco - Neuromuscular BCN\" \/>\n<meta property=\"og:description\" content=\"Ana Carrasco \u00e9s estudiant del M\u00e0ster en Fisiologia Integrativa impartit a la Facultat de Biologia de la Universitat de Barcelona. Est\u00e0 treballant com t\u00e8cnica superior de recerca a la Unitat de Malalties neuromusculars del servei de Neurologia de l\u2019Hospital de la Santa Creu i Sant Pau. A l\u2019any 2015, Ana es va graduar a Ci\u00e8ncies Biom\u00e8diques a la Universitat de Barcelona. A l\u2019octubre del mateix any es va incorporar al grup despr\u00e8s de realitzar [...]\" \/>\n<meta property=\"og:url\" content=\"https:\/\/www.neuromuscularbcn.org\/ca\/quienes_somos\/ana-carrasco\/\" \/>\n<meta property=\"og:site_name\" content=\"Neuromuscular BCN\" \/>\n<meta property=\"og:image\" content=\"https:\/\/www.neuromuscularbcn.org\/wp-content\/uploads\/2025\/03\/29_Ana-Carrasco-5.jpg\" \/>\n\t<meta property=\"og:image:width\" content=\"226\" \/>\n\t<meta property=\"og:image:height\" content=\"290\" \/>\n\t<meta property=\"og:image:type\" content=\"image\/jpeg\" \/>\n<meta name=\"twitter:card\" content=\"summary_large_image\" \/>\n<meta name=\"twitter:site\" content=\"@NMDSantPau\" \/>\n<meta name=\"twitter:label1\" content=\"Temps estimat de lectura\" \/>\n\t<meta name=\"twitter:data1\" content=\"1 minut\" \/>\n<script type=\"application\/ld+json\" class=\"yoast-schema-graph\">{\"@context\":\"https:\/\/schema.org\",\"@graph\":[{\"@type\":\"WebPage\",\"@id\":\"https:\/\/www.neuromuscularbcn.org\/ca\/quienes_somos\/ana-carrasco\/\",\"url\":\"https:\/\/www.neuromuscularbcn.org\/ca\/quienes_somos\/ana-carrasco\/\",\"name\":\"Ana Carrasco - Neuromuscular BCN\",\"isPartOf\":{\"@id\":\"https:\/\/www.neuromuscularbcn.org\/ca\/#website\"},\"primaryImageOfPage\":{\"@id\":\"https:\/\/www.neuromuscularbcn.org\/ca\/quienes_somos\/ana-carrasco\/#primaryimage\"},\"image\":{\"@id\":\"https:\/\/www.neuromuscularbcn.org\/ca\/quienes_somos\/ana-carrasco\/#primaryimage\"},\"thumbnailUrl\":\"https:\/\/www.neuromuscularbcn.org\/wp-content\/uploads\/2025\/03\/29_Ana-Carrasco-5.jpg\",\"datePublished\":\"2017-02-03T11:32:43+00:00\",\"breadcrumb\":{\"@id\":\"https:\/\/www.neuromuscularbcn.org\/ca\/quienes_somos\/ana-carrasco\/#breadcrumb\"},\"inLanguage\":\"ca\",\"potentialAction\":[{\"@type\":\"ReadAction\",\"target\":[\"https:\/\/www.neuromuscularbcn.org\/ca\/quienes_somos\/ana-carrasco\/\"]}]},{\"@type\":\"ImageObject\",\"inLanguage\":\"ca\",\"@id\":\"https:\/\/www.neuromuscularbcn.org\/ca\/quienes_somos\/ana-carrasco\/#primaryimage\",\"url\":\"https:\/\/www.neuromuscularbcn.org\/wp-content\/uploads\/2025\/03\/29_Ana-Carrasco-5.jpg\",\"contentUrl\":\"https:\/\/www.neuromuscularbcn.org\/wp-content\/uploads\/2025\/03\/29_Ana-Carrasco-5.jpg\",\"width\":226,\"height\":290},{\"@type\":\"BreadcrumbList\",\"@id\":\"https:\/\/www.neuromuscularbcn.org\/ca\/quienes_somos\/ana-carrasco\/#breadcrumb\",\"itemListElement\":[{\"@type\":\"ListItem\",\"position\":1,\"name\":\"Portada\",\"item\":\"https:\/\/www.neuromuscularbcn.org\/ca\/\"},{\"@type\":\"ListItem\",\"position\":2,\"name\":\"Ana Carrasco\"}]},{\"@type\":\"WebSite\",\"@id\":\"https:\/\/www.neuromuscularbcn.org\/ca\/#website\",\"url\":\"https:\/\/www.neuromuscularbcn.org\/ca\/\",\"name\":\"Neuromuscular BCN\",\"description\":\"Neuromuscular BCN - Unidad Neuromuscular del hospital de Sant Pau\",\"publisher\":{\"@id\":\"https:\/\/www.neuromuscularbcn.org\/ca\/#organization\"},\"alternateName\":\"Neuromuscular BCN - Unidad Neuromuscular del hospital de Sant Pau\",\"potentialAction\":[{\"@type\":\"SearchAction\",\"target\":{\"@type\":\"EntryPoint\",\"urlTemplate\":\"https:\/\/www.neuromuscularbcn.org\/ca\/?s={search_term_string}\"},\"query-input\":{\"@type\":\"PropertyValueSpecification\",\"valueRequired\":true,\"valueName\":\"search_term_string\"}}],\"inLanguage\":\"ca\"},{\"@type\":\"Organization\",\"@id\":\"https:\/\/www.neuromuscularbcn.org\/ca\/#organization\",\"name\":\"Neuromuscular BCN - Sant Pau\",\"url\":\"https:\/\/www.neuromuscularbcn.org\/ca\/\",\"logo\":{\"@type\":\"ImageObject\",\"inLanguage\":\"ca\",\"@id\":\"https:\/\/www.neuromuscularbcn.org\/ca\/#\/schema\/logo\/image\/\",\"url\":\"https:\/\/www.neuromuscularbcn.org\/wp-content\/uploads\/2025\/06\/cropped-favicon_logotip.png\",\"contentUrl\":\"https:\/\/www.neuromuscularbcn.org\/wp-content\/uploads\/2025\/06\/cropped-favicon_logotip.png\",\"width\":512,\"height\":512,\"caption\":\"Neuromuscular BCN - Sant Pau\"},\"image\":{\"@id\":\"https:\/\/www.neuromuscularbcn.org\/ca\/#\/schema\/logo\/image\/\"},\"sameAs\":[\"https:\/\/x.com\/NMDSantPau\"]}]}<\/script>\n<!-- \/ Yoast SEO plugin. -->","yoast_head_json":{"title":"Ana Carrasco - Neuromuscular BCN","robots":{"index":"index","follow":"follow","max-snippet":"max-snippet:-1","max-image-preview":"max-image-preview:large","max-video-preview":"max-video-preview:-1"},"canonical":"https:\/\/www.neuromuscularbcn.org\/ca\/quienes_somos\/ana-carrasco\/","og_locale":"ca_ES","og_type":"article","og_title":"Ana Carrasco - Neuromuscular BCN","og_description":"Ana Carrasco \u00e9s estudiant del M\u00e0ster en Fisiologia Integrativa impartit a la Facultat de Biologia de la Universitat de Barcelona. Est\u00e0 treballant com t\u00e8cnica superior de recerca a la Unitat de Malalties neuromusculars del servei de Neurologia de l\u2019Hospital de la Santa Creu i Sant Pau. A l\u2019any 2015, Ana es va graduar a Ci\u00e8ncies Biom\u00e8diques a la Universitat de Barcelona. A l\u2019octubre del mateix any es va incorporar al grup despr\u00e8s de realitzar [...]","og_url":"https:\/\/www.neuromuscularbcn.org\/ca\/quienes_somos\/ana-carrasco\/","og_site_name":"Neuromuscular BCN","og_image":[{"width":226,"height":290,"url":"https:\/\/www.neuromuscularbcn.org\/wp-content\/uploads\/2025\/03\/29_Ana-Carrasco-5.jpg","type":"image\/jpeg"}],"twitter_card":"summary_large_image","twitter_site":"@NMDSantPau","twitter_misc":{"Temps estimat de lectura":"1 minut"},"schema":{"@context":"https:\/\/schema.org","@graph":[{"@type":"WebPage","@id":"https:\/\/www.neuromuscularbcn.org\/ca\/quienes_somos\/ana-carrasco\/","url":"https:\/\/www.neuromuscularbcn.org\/ca\/quienes_somos\/ana-carrasco\/","name":"Ana Carrasco - Neuromuscular BCN","isPartOf":{"@id":"https:\/\/www.neuromuscularbcn.org\/ca\/#website"},"primaryImageOfPage":{"@id":"https:\/\/www.neuromuscularbcn.org\/ca\/quienes_somos\/ana-carrasco\/#primaryimage"},"image":{"@id":"https:\/\/www.neuromuscularbcn.org\/ca\/quienes_somos\/ana-carrasco\/#primaryimage"},"thumbnailUrl":"https:\/\/www.neuromuscularbcn.org\/wp-content\/uploads\/2025\/03\/29_Ana-Carrasco-5.jpg","datePublished":"2017-02-03T11:32:43+00:00","breadcrumb":{"@id":"https:\/\/www.neuromuscularbcn.org\/ca\/quienes_somos\/ana-carrasco\/#breadcrumb"},"inLanguage":"ca","potentialAction":[{"@type":"ReadAction","target":["https:\/\/www.neuromuscularbcn.org\/ca\/quienes_somos\/ana-carrasco\/"]}]},{"@type":"ImageObject","inLanguage":"ca","@id":"https:\/\/www.neuromuscularbcn.org\/ca\/quienes_somos\/ana-carrasco\/#primaryimage","url":"https:\/\/www.neuromuscularbcn.org\/wp-content\/uploads\/2025\/03\/29_Ana-Carrasco-5.jpg","contentUrl":"https:\/\/www.neuromuscularbcn.org\/wp-content\/uploads\/2025\/03\/29_Ana-Carrasco-5.jpg","width":226,"height":290},{"@type":"BreadcrumbList","@id":"https:\/\/www.neuromuscularbcn.org\/ca\/quienes_somos\/ana-carrasco\/#breadcrumb","itemListElement":[{"@type":"ListItem","position":1,"name":"Portada","item":"https:\/\/www.neuromuscularbcn.org\/ca\/"},{"@type":"ListItem","position":2,"name":"Ana Carrasco"}]},{"@type":"WebSite","@id":"https:\/\/www.neuromuscularbcn.org\/ca\/#website","url":"https:\/\/www.neuromuscularbcn.org\/ca\/","name":"Neuromuscular BCN","description":"Neuromuscular BCN - Unidad Neuromuscular del hospital de Sant Pau","publisher":{"@id":"https:\/\/www.neuromuscularbcn.org\/ca\/#organization"},"alternateName":"Neuromuscular BCN - Unidad Neuromuscular del hospital de Sant Pau","potentialAction":[{"@type":"SearchAction","target":{"@type":"EntryPoint","urlTemplate":"https:\/\/www.neuromuscularbcn.org\/ca\/?s={search_term_string}"},"query-input":{"@type":"PropertyValueSpecification","valueRequired":true,"valueName":"search_term_string"}}],"inLanguage":"ca"},{"@type":"Organization","@id":"https:\/\/www.neuromuscularbcn.org\/ca\/#organization","name":"Neuromuscular BCN - Sant Pau","url":"https:\/\/www.neuromuscularbcn.org\/ca\/","logo":{"@type":"ImageObject","inLanguage":"ca","@id":"https:\/\/www.neuromuscularbcn.org\/ca\/#\/schema\/logo\/image\/","url":"https:\/\/www.neuromuscularbcn.org\/wp-content\/uploads\/2025\/06\/cropped-favicon_logotip.png","contentUrl":"https:\/\/www.neuromuscularbcn.org\/wp-content\/uploads\/2025\/06\/cropped-favicon_logotip.png","width":512,"height":512,"caption":"Neuromuscular BCN - Sant Pau"},"image":{"@id":"https:\/\/www.neuromuscularbcn.org\/ca\/#\/schema\/logo\/image\/"},"sameAs":["https:\/\/x.com\/NMDSantPau"]}]}},"_links":{"self":[{"href":"https:\/\/www.neuromuscularbcn.org\/ca\/wp-json\/wp\/v2\/quienes_somos\/2209","targetHints":{"allow":["GET"]}}],"collection":[{"href":"https:\/\/www.neuromuscularbcn.org\/ca\/wp-json\/wp\/v2\/quienes_somos"}],"about":[{"href":"https:\/\/www.neuromuscularbcn.org\/ca\/wp-json\/wp\/v2\/types\/quienes_somos"}],"wp:featuredmedia":[{"embeddable":true,"href":"https:\/\/www.neuromuscularbcn.org\/ca\/wp-json\/wp\/v2\/media\/2210"}],"wp:attachment":[{"href":"https:\/\/www.neuromuscularbcn.org\/ca\/wp-json\/wp\/v2\/media?parent=2209"}],"wp:term":[{"taxonomy":"subequipo","embeddable":true,"href":"https:\/\/www.neuromuscularbcn.org\/ca\/wp-json\/wp\/v2\/subequipo?post=2209"}],"curies":[{"name":"wp","href":"https:\/\/api.w.org\/{rel}","templated":true}]}}

<p>Ana Carrasco és estudiant del Màster en Fisiologia Integrativa impartit a la Facultat de Biologia de la Universitat de Barcelona. Està treballant com tècnica superior de recerca a la Unitat de Malalties neuromusculars del servei de Neurologia de l’Hospital de la Santa Creu i Sant Pau.</p>
<p>A l’any 2015, Ana es va graduar a Ciències Biomèdiques a la Universitat de Barcelona. A l’octubre del mateix any es va incorporar al grup desprès de realitzar les Pràctiques Acadèmiques i el Treball de Final de Grau uns mesos abans.</p>
<p>Durant la seva estada acadèmica, es va centrar en la recerca de biomarcadors en la dermatomiositis. Actualment, està contribuint en diverses línies de recerca incloent: la identificació de biomarcadors d’utilitat per el diagnòstic de pacients amb Esclerosis Lateral Amiotròfica i l’anàlisi de l’expressió de miRNAs a la patologia i en altres distròfies muscular.</p>
<p><strong>Formació acadèmica:</strong></p>
<ul>
<li>Graduada en Ciències Biomèdica, Facultat de Biologia, Universitat de Barcelona 2015</li>
<li>Actualment: Màster oficial en Fisiologia Integrativa, Facultat de Biologia, Universitat de Barcelona</li>
</ul>

<!-- This site is optimized with the Yoast SEO plugin v27.2 - https://yoast.com/product/yoast-seo-wordpress/ -->
<title>Ana Carrasco - Neuromuscular BCN</title>
<meta name="robots" content="index, follow, max-snippet:-1, max-image-preview:large, max-video-preview:-1" />
<link rel="canonical" href="https://www.neuromuscularbcn.org/ca/quienes_somos/ana-carrasco/" />
<meta property="og:locale" content="ca_ES" />
<meta property="og:type" content="article" />
<meta property="og:title" content="Ana Carrasco - Neuromuscular BCN" />
<meta property="og:description" content="Ana Carrasco és estudiant del Màster en Fisiologia Integrativa impartit a la Facultat de Biologia de la Universitat de Barcelona. Està treballant com tècnica superior de recerca a la Unitat de Malalties neuromusculars del servei de Neurologia de l’Hospital de la Santa Creu i Sant Pau. A l’any 2015, Ana es va graduar a Ciències Biomèdiques a la Universitat de Barcelona. A l’octubre del mateix any es va incorporar al grup desprès de realitzar [...]" />
<meta property="og:url" content="https://www.neuromuscularbcn.org/ca/quienes_somos/ana-carrasco/" />
<meta property="og:site_name" content="Neuromuscular BCN" />
<meta property="og:image" content="https://www.neuromuscularbcn.org/wp-content/uploads/2025/03/29_Ana-Carrasco-5.jpg" />
	<meta property="og:image:width" content="226" />
	<meta property="og:image:height" content="290" />
	<meta property="og:image:type" content="image/jpeg" />
<meta name="twitter:card" content="summary_large_image" />
<meta name="twitter:site" content="@NMDSantPau" />
<meta name="twitter:label1" content="Temps estimat de lectura" />
	<meta name="twitter:data1" content="1 minut" />
<script type="application/ld+json" class="yoast-schema-graph">{"@context":"https://schema.org","@graph":[{"@type":"WebPage","@id":"https://www.neuromuscularbcn.org/ca/quienes_somos/ana-carrasco/","url":"https://www.neuromuscularbcn.org/ca/quienes_somos/ana-carrasco/","name":"Ana Carrasco - Neuromuscular BCN","isPartOf":{"@id":"https://www.neuromuscularbcn.org/ca/#website"},"primaryImageOfPage":{"@id":"https://www.neuromuscularbcn.org/ca/quienes_somos/ana-carrasco/#primaryimage"},"image":{"@id":"https://www.neuromuscularbcn.org/ca/quienes_somos/ana-carrasco/#primaryimage"},"thumbnailUrl":"https://www.neuromuscularbcn.org/wp-content/uploads/2025/03/29_Ana-Carrasco-5.jpg","datePublished":"2017-02-03T11:32:43+00:00","breadcrumb":{"@id":"https://www.neuromuscularbcn.org/ca/quienes_somos/ana-carrasco/#breadcrumb"},"inLanguage":"ca","potentialAction":[{"@type":"ReadAction","target":["https://www.neuromuscularbcn.org/ca/quienes_somos/ana-carrasco/"]}]},{"@type":"ImageObject","inLanguage":"ca","@id":"https://www.neuromuscularbcn.org/ca/quienes_somos/ana-carrasco/#primaryimage","url":"https://www.neuromuscularbcn.org/wp-content/uploads/2025/03/29_Ana-Carrasco-5.jpg","contentUrl":"https://www.neuromuscularbcn.org/wp-content/uploads/2025/03/29_Ana-Carrasco-5.jpg","width":226,"height":290},{"@type":"BreadcrumbList","@id":"https://www.neuromuscularbcn.org/ca/quienes_somos/ana-carrasco/#breadcrumb","itemListElement":[{"@type":"ListItem","position":1,"name":"Portada","item":"https://www.neuromuscularbcn.org/ca/"},{"@type":"ListItem","position":2,"name":"Ana Carrasco"}]},{"@type":"WebSite","@id":"https://www.neuromuscularbcn.org/ca/#website","url":"https://www.neuromuscularbcn.org/ca/","name":"Neuromuscular BCN","description":"Neuromuscular BCN - Unidad Neuromuscular del hospital de Sant Pau","publisher":{"@id":"https://www.neuromuscularbcn.org/ca/#organization"},"alternateName":"Neuromuscular BCN - Unidad Neuromuscular del hospital de Sant Pau","potentialAction":[{"@type":"SearchAction","target":{"@type":"EntryPoint","urlTemplate":"https://www.neuromuscularbcn.org/ca/?s={search_term_string}"},"query-input":{"@type":"PropertyValueSpecification","valueRequired":true,"valueName":"search_term_string"}}],"inLanguage":"ca"},{"@type":"Organization","@id":"https://www.neuromuscularbcn.org/ca/#organization","name":"Neuromuscular BCN - Sant Pau","url":"https://www.neuromuscularbcn.org/ca/","logo":{"@type":"ImageObject","inLanguage":"ca","@id":"https://www.neuromuscularbcn.org/ca/#/schema/logo/image/","url":"https://www.neuromuscularbcn.org/wp-content/uploads/2025/06/cropped-favicon_logotip.png","contentUrl":"https://www.neuromuscularbcn.org/wp-content/uploads/2025/06/cropped-favicon_logotip.png","width":512,"height":512,"caption":"Neuromuscular BCN - Sant Pau"},"image":{"@id":"https://www.neuromuscularbcn.org/ca/#/schema/logo/image/"},"sameAs":["https://x.com/NMDSantPau"]}]}</script>
<!-- / Yoast SEO plugin. -->

Ana Carrasco és estudiant del Màster en Fisiologia Integrativa impartit a la Facultat de Biologia de la Universitat de Barcelona. Està treballant com tècnica superior de recerca a la Unitat de Malalties neuromusculars del servei de Neurologia de l’Hospital de la Santa Creu i Sant Pau. A l’any 2015, Ana es va graduar a Ciències Biomèdiques a la Universitat de Barcelona. A l’octubre del mateix any es va incorporar al grup desprès de realitzar [...]
