{"id":2065,"date":"2022-12-14T11:38:24","date_gmt":"2022-12-14T10:38:24","guid":{"rendered":"https:\/\/www.neuromuscularbcn.org\/quienes_somos\/ana-vesperinas-castro\/"},"modified":"2022-12-14T11:38:24","modified_gmt":"2022-12-14T10:38:24","slug":"ana-vesperinas-castro","status":"publish","type":"quienes_somos","link":"https:\/\/www.neuromuscularbcn.org\/ca\/quienes_somos\/ana-vesperinas-castro\/","title":{"rendered":"Ana Vesperinas Castro"},"content":{"rendered":"\n<p>Ana Vesperinas Castro (Avil\u00e9s, 1993) es va llicenciar en Medicina per la Universitat d&#8217;Oviedo l&#8217;any 2017. Va realitzar la resid\u00e8ncia de Neurologia a l&#8217;Hospital Santa Creu i Sant Pau. Des del juny del 2022 \u00e9s fellow cl\u00ednica de la Unitat, treballant i realitzant una formaci\u00f3 acad\u00e8mica en patologia neuromuscular a l&#8217;Hospital de la Santa Creu I Sant Pau.<\/p>\n\n\n\n<p><strong>Formaci\u00f3 acad\u00e8mica:<\/strong><\/p>\n\n\n\n<ul class=\"wp-block-list\">\n<li>Llicenciada en Medicina (Universitat d&#8217;Oviedo; 2011-2017)<\/li>\n\n\n\n<li>Especialista en Neurologia (Hospital Santa Creu i Sant Pau; 2018-2022)<\/li>\n<\/ul>\n","protected":false},"featured_media":2066,"menu_order":1070,"template":"","meta":{"_acf_changed":false,"inline_featured_image":false},"subequipo":[208],"class_list":["post-2065","quienes_somos","type-quienes_somos","status-publish","has-post-thumbnail","hentry","subequipo-clinico-ca"],"acf":[],"yoast_head":"<!-- This site is optimized with the Yoast SEO plugin v27.2 - https:\/\/yoast.com\/product\/yoast-seo-wordpress\/ -->\n<title>Ana Vesperinas Castro - Neuromuscular BCN<\/title>\n<meta name=\"robots\" content=\"index, follow, max-snippet:-1, max-image-preview:large, max-video-preview:-1\" \/>\n<link rel=\"canonical\" href=\"https:\/\/www.neuromuscularbcn.org\/ca\/quienes_somos\/ana-vesperinas-castro\/\" \/>\n<meta property=\"og:locale\" content=\"ca_ES\" \/>\n<meta property=\"og:type\" content=\"article\" \/>\n<meta property=\"og:title\" content=\"Ana Vesperinas Castro - Neuromuscular BCN\" \/>\n<meta property=\"og:description\" content=\"Ana Vesperinas Castro (Avil\u00e9s, 1993) es va llicenciar en Medicina per la Universitat d&#8217;Oviedo l&#8217;any 2017. Va realitzar la resid\u00e8ncia de Neurologia a l&#8217;Hospital Santa Creu i Sant Pau. Des del juny del 2022 \u00e9s fellow cl\u00ednica de la Unitat, treballant i realitzant una formaci\u00f3 acad\u00e8mica en patologia neuromuscular a l&#8217;Hospital de la Santa Creu I Sant Pau. Formaci\u00f3 acad\u00e8mica:\" \/>\n<meta property=\"og:url\" content=\"https:\/\/www.neuromuscularbcn.org\/ca\/quienes_somos\/ana-vesperinas-castro\/\" \/>\n<meta property=\"og:site_name\" content=\"Neuromuscular BCN\" \/>\n<meta property=\"og:image\" content=\"https:\/\/www.neuromuscularbcn.org\/wp-content\/uploads\/2025\/03\/ana-vesperina-rec-scaled-5.jpg\" \/>\n\t<meta property=\"og:image:width\" content=\"1850\" \/>\n\t<meta property=\"og:image:height\" content=\"2560\" \/>\n\t<meta property=\"og:image:type\" content=\"image\/jpeg\" \/>\n<meta name=\"twitter:card\" content=\"summary_large_image\" \/>\n<meta name=\"twitter:site\" content=\"@NMDSantPau\" \/>\n<script type=\"application\/ld+json\" class=\"yoast-schema-graph\">{\"@context\":\"https:\/\/schema.org\",\"@graph\":[{\"@type\":\"WebPage\",\"@id\":\"https:\/\/www.neuromuscularbcn.org\/ca\/quienes_somos\/ana-vesperinas-castro\/\",\"url\":\"https:\/\/www.neuromuscularbcn.org\/ca\/quienes_somos\/ana-vesperinas-castro\/\",\"name\":\"Ana Vesperinas Castro - Neuromuscular BCN\",\"isPartOf\":{\"@id\":\"https:\/\/www.neuromuscularbcn.org\/ca\/#website\"},\"primaryImageOfPage\":{\"@id\":\"https:\/\/www.neuromuscularbcn.org\/ca\/quienes_somos\/ana-vesperinas-castro\/#primaryimage\"},\"image\":{\"@id\":\"https:\/\/www.neuromuscularbcn.org\/ca\/quienes_somos\/ana-vesperinas-castro\/#primaryimage\"},\"thumbnailUrl\":\"https:\/\/www.neuromuscularbcn.org\/wp-content\/uploads\/2025\/03\/ana-vesperina-rec-scaled-5.jpg\",\"datePublished\":\"2022-12-14T10:38:24+00:00\",\"breadcrumb\":{\"@id\":\"https:\/\/www.neuromuscularbcn.org\/ca\/quienes_somos\/ana-vesperinas-castro\/#breadcrumb\"},\"inLanguage\":\"ca\",\"potentialAction\":[{\"@type\":\"ReadAction\",\"target\":[\"https:\/\/www.neuromuscularbcn.org\/ca\/quienes_somos\/ana-vesperinas-castro\/\"]}]},{\"@type\":\"ImageObject\",\"inLanguage\":\"ca\",\"@id\":\"https:\/\/www.neuromuscularbcn.org\/ca\/quienes_somos\/ana-vesperinas-castro\/#primaryimage\",\"url\":\"https:\/\/www.neuromuscularbcn.org\/wp-content\/uploads\/2025\/03\/ana-vesperina-rec-scaled-5.jpg\",\"contentUrl\":\"https:\/\/www.neuromuscularbcn.org\/wp-content\/uploads\/2025\/03\/ana-vesperina-rec-scaled-5.jpg\",\"width\":1850,\"height\":2560},{\"@type\":\"BreadcrumbList\",\"@id\":\"https:\/\/www.neuromuscularbcn.org\/ca\/quienes_somos\/ana-vesperinas-castro\/#breadcrumb\",\"itemListElement\":[{\"@type\":\"ListItem\",\"position\":1,\"name\":\"Portada\",\"item\":\"https:\/\/www.neuromuscularbcn.org\/ca\/\"},{\"@type\":\"ListItem\",\"position\":2,\"name\":\"Ana Vesperinas Castro\"}]},{\"@type\":\"WebSite\",\"@id\":\"https:\/\/www.neuromuscularbcn.org\/ca\/#website\",\"url\":\"https:\/\/www.neuromuscularbcn.org\/ca\/\",\"name\":\"Neuromuscular BCN\",\"description\":\"Neuromuscular BCN - Unidad Neuromuscular del hospital de Sant Pau\",\"publisher\":{\"@id\":\"https:\/\/www.neuromuscularbcn.org\/ca\/#organization\"},\"alternateName\":\"Neuromuscular BCN - Unidad Neuromuscular del hospital de Sant Pau\",\"potentialAction\":[{\"@type\":\"SearchAction\",\"target\":{\"@type\":\"EntryPoint\",\"urlTemplate\":\"https:\/\/www.neuromuscularbcn.org\/ca\/?s={search_term_string}\"},\"query-input\":{\"@type\":\"PropertyValueSpecification\",\"valueRequired\":true,\"valueName\":\"search_term_string\"}}],\"inLanguage\":\"ca\"},{\"@type\":\"Organization\",\"@id\":\"https:\/\/www.neuromuscularbcn.org\/ca\/#organization\",\"name\":\"Neuromuscular BCN - Sant Pau\",\"url\":\"https:\/\/www.neuromuscularbcn.org\/ca\/\",\"logo\":{\"@type\":\"ImageObject\",\"inLanguage\":\"ca\",\"@id\":\"https:\/\/www.neuromuscularbcn.org\/ca\/#\/schema\/logo\/image\/\",\"url\":\"https:\/\/www.neuromuscularbcn.org\/wp-content\/uploads\/2025\/06\/cropped-favicon_logotip.png\",\"contentUrl\":\"https:\/\/www.neuromuscularbcn.org\/wp-content\/uploads\/2025\/06\/cropped-favicon_logotip.png\",\"width\":512,\"height\":512,\"caption\":\"Neuromuscular BCN - Sant Pau\"},\"image\":{\"@id\":\"https:\/\/www.neuromuscularbcn.org\/ca\/#\/schema\/logo\/image\/\"},\"sameAs\":[\"https:\/\/x.com\/NMDSantPau\"]}]}<\/script>\n<!-- \/ Yoast SEO plugin. -->","yoast_head_json":{"title":"Ana Vesperinas Castro - Neuromuscular BCN","robots":{"index":"index","follow":"follow","max-snippet":"max-snippet:-1","max-image-preview":"max-image-preview:large","max-video-preview":"max-video-preview:-1"},"canonical":"https:\/\/www.neuromuscularbcn.org\/ca\/quienes_somos\/ana-vesperinas-castro\/","og_locale":"ca_ES","og_type":"article","og_title":"Ana Vesperinas Castro - Neuromuscular BCN","og_description":"Ana Vesperinas Castro (Avil\u00e9s, 1993) es va llicenciar en Medicina per la Universitat d&#8217;Oviedo l&#8217;any 2017. Va realitzar la resid\u00e8ncia de Neurologia a l&#8217;Hospital Santa Creu i Sant Pau. Des del juny del 2022 \u00e9s fellow cl\u00ednica de la Unitat, treballant i realitzant una formaci\u00f3 acad\u00e8mica en patologia neuromuscular a l&#8217;Hospital de la Santa Creu I Sant Pau. Formaci\u00f3 acad\u00e8mica:","og_url":"https:\/\/www.neuromuscularbcn.org\/ca\/quienes_somos\/ana-vesperinas-castro\/","og_site_name":"Neuromuscular BCN","og_image":[{"width":1850,"height":2560,"url":"https:\/\/www.neuromuscularbcn.org\/wp-content\/uploads\/2025\/03\/ana-vesperina-rec-scaled-5.jpg","type":"image\/jpeg"}],"twitter_card":"summary_large_image","twitter_site":"@NMDSantPau","schema":{"@context":"https:\/\/schema.org","@graph":[{"@type":"WebPage","@id":"https:\/\/www.neuromuscularbcn.org\/ca\/quienes_somos\/ana-vesperinas-castro\/","url":"https:\/\/www.neuromuscularbcn.org\/ca\/quienes_somos\/ana-vesperinas-castro\/","name":"Ana Vesperinas Castro - Neuromuscular BCN","isPartOf":{"@id":"https:\/\/www.neuromuscularbcn.org\/ca\/#website"},"primaryImageOfPage":{"@id":"https:\/\/www.neuromuscularbcn.org\/ca\/quienes_somos\/ana-vesperinas-castro\/#primaryimage"},"image":{"@id":"https:\/\/www.neuromuscularbcn.org\/ca\/quienes_somos\/ana-vesperinas-castro\/#primaryimage"},"thumbnailUrl":"https:\/\/www.neuromuscularbcn.org\/wp-content\/uploads\/2025\/03\/ana-vesperina-rec-scaled-5.jpg","datePublished":"2022-12-14T10:38:24+00:00","breadcrumb":{"@id":"https:\/\/www.neuromuscularbcn.org\/ca\/quienes_somos\/ana-vesperinas-castro\/#breadcrumb"},"inLanguage":"ca","potentialAction":[{"@type":"ReadAction","target":["https:\/\/www.neuromuscularbcn.org\/ca\/quienes_somos\/ana-vesperinas-castro\/"]}]},{"@type":"ImageObject","inLanguage":"ca","@id":"https:\/\/www.neuromuscularbcn.org\/ca\/quienes_somos\/ana-vesperinas-castro\/#primaryimage","url":"https:\/\/www.neuromuscularbcn.org\/wp-content\/uploads\/2025\/03\/ana-vesperina-rec-scaled-5.jpg","contentUrl":"https:\/\/www.neuromuscularbcn.org\/wp-content\/uploads\/2025\/03\/ana-vesperina-rec-scaled-5.jpg","width":1850,"height":2560},{"@type":"BreadcrumbList","@id":"https:\/\/www.neuromuscularbcn.org\/ca\/quienes_somos\/ana-vesperinas-castro\/#breadcrumb","itemListElement":[{"@type":"ListItem","position":1,"name":"Portada","item":"https:\/\/www.neuromuscularbcn.org\/ca\/"},{"@type":"ListItem","position":2,"name":"Ana Vesperinas Castro"}]},{"@type":"WebSite","@id":"https:\/\/www.neuromuscularbcn.org\/ca\/#website","url":"https:\/\/www.neuromuscularbcn.org\/ca\/","name":"Neuromuscular BCN","description":"Neuromuscular BCN - Unidad Neuromuscular del hospital de Sant Pau","publisher":{"@id":"https:\/\/www.neuromuscularbcn.org\/ca\/#organization"},"alternateName":"Neuromuscular BCN - Unidad Neuromuscular del hospital de Sant Pau","potentialAction":[{"@type":"SearchAction","target":{"@type":"EntryPoint","urlTemplate":"https:\/\/www.neuromuscularbcn.org\/ca\/?s={search_term_string}"},"query-input":{"@type":"PropertyValueSpecification","valueRequired":true,"valueName":"search_term_string"}}],"inLanguage":"ca"},{"@type":"Organization","@id":"https:\/\/www.neuromuscularbcn.org\/ca\/#organization","name":"Neuromuscular BCN - Sant Pau","url":"https:\/\/www.neuromuscularbcn.org\/ca\/","logo":{"@type":"ImageObject","inLanguage":"ca","@id":"https:\/\/www.neuromuscularbcn.org\/ca\/#\/schema\/logo\/image\/","url":"https:\/\/www.neuromuscularbcn.org\/wp-content\/uploads\/2025\/06\/cropped-favicon_logotip.png","contentUrl":"https:\/\/www.neuromuscularbcn.org\/wp-content\/uploads\/2025\/06\/cropped-favicon_logotip.png","width":512,"height":512,"caption":"Neuromuscular BCN - Sant Pau"},"image":{"@id":"https:\/\/www.neuromuscularbcn.org\/ca\/#\/schema\/logo\/image\/"},"sameAs":["https:\/\/x.com\/NMDSantPau"]}]}},"_links":{"self":[{"href":"https:\/\/www.neuromuscularbcn.org\/ca\/wp-json\/wp\/v2\/quienes_somos\/2065","targetHints":{"allow":["GET"]}}],"collection":[{"href":"https:\/\/www.neuromuscularbcn.org\/ca\/wp-json\/wp\/v2\/quienes_somos"}],"about":[{"href":"https:\/\/www.neuromuscularbcn.org\/ca\/wp-json\/wp\/v2\/types\/quienes_somos"}],"wp:featuredmedia":[{"embeddable":true,"href":"https:\/\/www.neuromuscularbcn.org\/ca\/wp-json\/wp\/v2\/media\/2066"}],"wp:attachment":[{"href":"https:\/\/www.neuromuscularbcn.org\/ca\/wp-json\/wp\/v2\/media?parent=2065"}],"wp:term":[{"taxonomy":"subequipo","embeddable":true,"href":"https:\/\/www.neuromuscularbcn.org\/ca\/wp-json\/wp\/v2\/subequipo?post=2065"}],"curies":[{"name":"wp","href":"https:\/\/api.w.org\/{rel}","templated":true}]}}

<p>Ana Vesperinas Castro (Avilés, 1993) es va llicenciar en Medicina per la Universitat d&#8217;Oviedo l&#8217;any 2017. Va realitzar la residència de Neurologia a l&#8217;Hospital Santa Creu i Sant Pau. Des del juny del 2022 és fellow clínica de la Unitat, treballant i realitzant una formació acadèmica en patologia neuromuscular a l&#8217;Hospital de la Santa Creu I Sant Pau.</p>



<p><strong>Formació acadèmica:</strong></p>



<ul class="wp-block-list">
<li>Llicenciada en Medicina (Universitat d&#8217;Oviedo; 2011-2017)</li>



<li>Especialista en Neurologia (Hospital Santa Creu i Sant Pau; 2018-2022)</li>
</ul>

<!-- This site is optimized with the Yoast SEO plugin v27.2 - https://yoast.com/product/yoast-seo-wordpress/ -->
<title>Ana Vesperinas Castro - Neuromuscular BCN</title>
<meta name="robots" content="index, follow, max-snippet:-1, max-image-preview:large, max-video-preview:-1" />
<link rel="canonical" href="https://www.neuromuscularbcn.org/ca/quienes_somos/ana-vesperinas-castro/" />
<meta property="og:locale" content="ca_ES" />
<meta property="og:type" content="article" />
<meta property="og:title" content="Ana Vesperinas Castro - Neuromuscular BCN" />
<meta property="og:description" content="Ana Vesperinas Castro (Avilés, 1993) es va llicenciar en Medicina per la Universitat d&#8217;Oviedo l&#8217;any 2017. Va realitzar la residència de Neurologia a l&#8217;Hospital Santa Creu i Sant Pau. Des del juny del 2022 és fellow clínica de la Unitat, treballant i realitzant una formació acadèmica en patologia neuromuscular a l&#8217;Hospital de la Santa Creu I Sant Pau. Formació acadèmica:" />
<meta property="og:url" content="https://www.neuromuscularbcn.org/ca/quienes_somos/ana-vesperinas-castro/" />
<meta property="og:site_name" content="Neuromuscular BCN" />
<meta property="og:image" content="https://www.neuromuscularbcn.org/wp-content/uploads/2025/03/ana-vesperina-rec-scaled-5.jpg" />
	<meta property="og:image:width" content="1850" />
	<meta property="og:image:height" content="2560" />
	<meta property="og:image:type" content="image/jpeg" />
<meta name="twitter:card" content="summary_large_image" />
<meta name="twitter:site" content="@NMDSantPau" />
<script type="application/ld+json" class="yoast-schema-graph">{"@context":"https://schema.org","@graph":[{"@type":"WebPage","@id":"https://www.neuromuscularbcn.org/ca/quienes_somos/ana-vesperinas-castro/","url":"https://www.neuromuscularbcn.org/ca/quienes_somos/ana-vesperinas-castro/","name":"Ana Vesperinas Castro - Neuromuscular BCN","isPartOf":{"@id":"https://www.neuromuscularbcn.org/ca/#website"},"primaryImageOfPage":{"@id":"https://www.neuromuscularbcn.org/ca/quienes_somos/ana-vesperinas-castro/#primaryimage"},"image":{"@id":"https://www.neuromuscularbcn.org/ca/quienes_somos/ana-vesperinas-castro/#primaryimage"},"thumbnailUrl":"https://www.neuromuscularbcn.org/wp-content/uploads/2025/03/ana-vesperina-rec-scaled-5.jpg","datePublished":"2022-12-14T10:38:24+00:00","breadcrumb":{"@id":"https://www.neuromuscularbcn.org/ca/quienes_somos/ana-vesperinas-castro/#breadcrumb"},"inLanguage":"ca","potentialAction":[{"@type":"ReadAction","target":["https://www.neuromuscularbcn.org/ca/quienes_somos/ana-vesperinas-castro/"]}]},{"@type":"ImageObject","inLanguage":"ca","@id":"https://www.neuromuscularbcn.org/ca/quienes_somos/ana-vesperinas-castro/#primaryimage","url":"https://www.neuromuscularbcn.org/wp-content/uploads/2025/03/ana-vesperina-rec-scaled-5.jpg","contentUrl":"https://www.neuromuscularbcn.org/wp-content/uploads/2025/03/ana-vesperina-rec-scaled-5.jpg","width":1850,"height":2560},{"@type":"BreadcrumbList","@id":"https://www.neuromuscularbcn.org/ca/quienes_somos/ana-vesperinas-castro/#breadcrumb","itemListElement":[{"@type":"ListItem","position":1,"name":"Portada","item":"https://www.neuromuscularbcn.org/ca/"},{"@type":"ListItem","position":2,"name":"Ana Vesperinas Castro"}]},{"@type":"WebSite","@id":"https://www.neuromuscularbcn.org/ca/#website","url":"https://www.neuromuscularbcn.org/ca/","name":"Neuromuscular BCN","description":"Neuromuscular BCN - Unidad Neuromuscular del hospital de Sant Pau","publisher":{"@id":"https://www.neuromuscularbcn.org/ca/#organization"},"alternateName":"Neuromuscular BCN - Unidad Neuromuscular del hospital de Sant Pau","potentialAction":[{"@type":"SearchAction","target":{"@type":"EntryPoint","urlTemplate":"https://www.neuromuscularbcn.org/ca/?s={search_term_string}"},"query-input":{"@type":"PropertyValueSpecification","valueRequired":true,"valueName":"search_term_string"}}],"inLanguage":"ca"},{"@type":"Organization","@id":"https://www.neuromuscularbcn.org/ca/#organization","name":"Neuromuscular BCN - Sant Pau","url":"https://www.neuromuscularbcn.org/ca/","logo":{"@type":"ImageObject","inLanguage":"ca","@id":"https://www.neuromuscularbcn.org/ca/#/schema/logo/image/","url":"https://www.neuromuscularbcn.org/wp-content/uploads/2025/06/cropped-favicon_logotip.png","contentUrl":"https://www.neuromuscularbcn.org/wp-content/uploads/2025/06/cropped-favicon_logotip.png","width":512,"height":512,"caption":"Neuromuscular BCN - Sant Pau"},"image":{"@id":"https://www.neuromuscularbcn.org/ca/#/schema/logo/image/"},"sameAs":["https://x.com/NMDSantPau"]}]}</script>
<!-- / Yoast SEO plugin. -->

Ana Vesperinas Castro (Avilés, 1993) es va llicenciar en Medicina per la Universitat d&#8217;Oviedo l&#8217;any 2017. Va realitzar la residència de Neurologia a l&#8217;Hospital Santa Creu i Sant Pau. Des del juny del 2022 és fellow clínica de la Unitat, treballant i realitzant una formació acadèmica en patologia neuromuscular a l&#8217;Hospital de la Santa Creu I Sant Pau. Formació acadèmica:
