{"id":1973,"date":"2025-03-17T17:15:26","date_gmt":"2025-03-17T16:15:26","guid":{"rendered":"https:\/\/www.neuromuscularbcn.org\/quienes_somos\/paula-llarch-cegarra\/"},"modified":"2025-03-30T09:40:12","modified_gmt":"2025-03-30T07:40:12","slug":"paula-llarch-cegarra","status":"publish","type":"quienes_somos","link":"https:\/\/www.neuromuscularbcn.org\/ca\/quienes_somos\/paula-llarch-cegarra\/","title":{"rendered":"Paula Llarch Cegarra"},"content":{"rendered":"\n<p>Paula Llarch Cegarra (Barcelona, 1997) \u00e9s t\u00e8cnica superior de laboratori per l&#8217;Institut Bonanova de Barcelona (2017) i graduada en Bioqu\u00edmica per la Universitat Aut\u00f2noma de Barcelona (2021).<\/p>\n\n\n\n<p>La seva traject\u00f2ria professional va comen\u00e7ar al Laboratori de Refer\u00e8ncia de Catalunya, on va treballar com a t\u00e8cnica de laboratori als departaments de Biologia Molecular i Microbiologia. Durant aquesta etapa, va mostrar un creixent inter\u00e8s per la immunologia en participar en un projecte amb un immun\u00f2leg adjunt vinculat a l&#8217;\u00e0mbit de la recerca.<\/p>\n\n\n\n<p>L\u2019any 2022, es va incorporar al servei d\u2019immunologia de l\u2019Hospital de la Santa Creu i Sant Pau, on va treballar en les \u00e0rees d\u2019al\u00b7l\u00e8rgia, autoimmunitat i neuromuscular, centrant-se en el diagn\u00f2stic cl\u00ednic. Des del 2024, forma part de la Unitat Neuromuscular de l\u2019Institut de Recerca de Sant Pau com a t\u00e8cnica superior de laboratori. La seva feina actual se centra en la col\u00b7laboraci\u00f3 en projectes que investiguen les neuropaties autoimmunes, explorant els mecanismes autoimmunes que afecten el nervi perif\u00e8ric i el node de Ranvier.<\/p>\n\n\n\n<p><strong>Formaci\u00f3 acad\u00e8mica:<\/strong><\/p>\n\n\n\n<ul class=\"wp-block-list\">\n<li>T\u00e8cnica Superior de Laboratori Cl\u00ednic i Biom\u00e8dic (Institut Bonanova de Barcelona, 2017)<\/li>\n\n\n\n<li>Graduada en Bioqu\u00edmica (Universitat Aut\u00f2noma de Barcelona, 2021)<\/li>\n<\/ul>\n","protected":false},"featured_media":1974,"menu_order":2070,"template":"","meta":{"_acf_changed":false,"inline_featured_image":false},"subequipo":[207],"class_list":["post-1973","quienes_somos","type-quienes_somos","status-publish","has-post-thumbnail","hentry","subequipo-investigacion-ca"],"acf":[],"yoast_head":"<!-- This site is optimized with the Yoast SEO plugin v27.2 - https:\/\/yoast.com\/product\/yoast-seo-wordpress\/ -->\n<title>Paula Llarch Cegarra - Neuromuscular BCN<\/title>\n<meta name=\"robots\" content=\"index, follow, max-snippet:-1, max-image-preview:large, max-video-preview:-1\" \/>\n<link rel=\"canonical\" href=\"https:\/\/www.neuromuscularbcn.org\/ca\/quienes_somos\/paula-llarch-cegarra\/\" \/>\n<meta property=\"og:locale\" content=\"ca_ES\" \/>\n<meta property=\"og:type\" content=\"article\" \/>\n<meta property=\"og:title\" content=\"Paula Llarch Cegarra - Neuromuscular BCN\" \/>\n<meta property=\"og:description\" content=\"Paula Llarch Cegarra (Barcelona, 1997) \u00e9s t\u00e8cnica superior de laboratori per l&#8217;Institut Bonanova de Barcelona (2017) i graduada en Bioqu\u00edmica per la Universitat Aut\u00f2noma de Barcelona (2021). La seva traject\u00f2ria professional va comen\u00e7ar al Laboratori de Refer\u00e8ncia de Catalunya, on va treballar com a t\u00e8cnica de laboratori als departaments de Biologia Molecular i Microbiologia. Durant aquesta etapa, va mostrar un creixent inter\u00e8s per la immunologia en participar en un projecte amb un immun\u00f2leg adjunt [...]\" \/>\n<meta property=\"og:url\" content=\"https:\/\/www.neuromuscularbcn.org\/ca\/quienes_somos\/paula-llarch-cegarra\/\" \/>\n<meta property=\"og:site_name\" content=\"Neuromuscular BCN\" \/>\n<meta property=\"article:modified_time\" content=\"2025-03-30T07:40:12+00:00\" \/>\n<meta property=\"og:image\" content=\"https:\/\/www.neuromuscularbcn.org\/wp-content\/uploads\/2025\/03\/img-7875-5.jpg\" \/>\n\t<meta property=\"og:image:width\" content=\"1146\" \/>\n\t<meta property=\"og:image:height\" content=\"1391\" \/>\n\t<meta property=\"og:image:type\" content=\"image\/jpeg\" \/>\n<meta name=\"twitter:card\" content=\"summary_large_image\" \/>\n<meta name=\"twitter:site\" content=\"@NMDSantPau\" \/>\n<meta name=\"twitter:label1\" content=\"Temps estimat de lectura\" \/>\n\t<meta name=\"twitter:data1\" content=\"1 minut\" \/>\n<script type=\"application\/ld+json\" class=\"yoast-schema-graph\">{\"@context\":\"https:\/\/schema.org\",\"@graph\":[{\"@type\":\"WebPage\",\"@id\":\"https:\/\/www.neuromuscularbcn.org\/ca\/quienes_somos\/paula-llarch-cegarra\/\",\"url\":\"https:\/\/www.neuromuscularbcn.org\/ca\/quienes_somos\/paula-llarch-cegarra\/\",\"name\":\"Paula Llarch Cegarra - Neuromuscular BCN\",\"isPartOf\":{\"@id\":\"https:\/\/www.neuromuscularbcn.org\/ca\/#website\"},\"primaryImageOfPage\":{\"@id\":\"https:\/\/www.neuromuscularbcn.org\/ca\/quienes_somos\/paula-llarch-cegarra\/#primaryimage\"},\"image\":{\"@id\":\"https:\/\/www.neuromuscularbcn.org\/ca\/quienes_somos\/paula-llarch-cegarra\/#primaryimage\"},\"thumbnailUrl\":\"https:\/\/www.neuromuscularbcn.org\/wp-content\/uploads\/2025\/03\/img-7875-5.jpg\",\"datePublished\":\"2025-03-17T16:15:26+00:00\",\"dateModified\":\"2025-03-30T07:40:12+00:00\",\"breadcrumb\":{\"@id\":\"https:\/\/www.neuromuscularbcn.org\/ca\/quienes_somos\/paula-llarch-cegarra\/#breadcrumb\"},\"inLanguage\":\"ca\",\"potentialAction\":[{\"@type\":\"ReadAction\",\"target\":[\"https:\/\/www.neuromuscularbcn.org\/ca\/quienes_somos\/paula-llarch-cegarra\/\"]}]},{\"@type\":\"ImageObject\",\"inLanguage\":\"ca\",\"@id\":\"https:\/\/www.neuromuscularbcn.org\/ca\/quienes_somos\/paula-llarch-cegarra\/#primaryimage\",\"url\":\"https:\/\/www.neuromuscularbcn.org\/wp-content\/uploads\/2025\/03\/img-7875-5.jpg\",\"contentUrl\":\"https:\/\/www.neuromuscularbcn.org\/wp-content\/uploads\/2025\/03\/img-7875-5.jpg\",\"width\":1146,\"height\":1391},{\"@type\":\"BreadcrumbList\",\"@id\":\"https:\/\/www.neuromuscularbcn.org\/ca\/quienes_somos\/paula-llarch-cegarra\/#breadcrumb\",\"itemListElement\":[{\"@type\":\"ListItem\",\"position\":1,\"name\":\"Portada\",\"item\":\"https:\/\/www.neuromuscularbcn.org\/ca\/\"},{\"@type\":\"ListItem\",\"position\":2,\"name\":\"Paula Llarch Cegarra\"}]},{\"@type\":\"WebSite\",\"@id\":\"https:\/\/www.neuromuscularbcn.org\/ca\/#website\",\"url\":\"https:\/\/www.neuromuscularbcn.org\/ca\/\",\"name\":\"Neuromuscular BCN\",\"description\":\"Neuromuscular BCN - Unidad Neuromuscular del hospital de Sant Pau\",\"publisher\":{\"@id\":\"https:\/\/www.neuromuscularbcn.org\/ca\/#organization\"},\"alternateName\":\"Neuromuscular BCN - Unidad Neuromuscular del hospital de Sant Pau\",\"potentialAction\":[{\"@type\":\"SearchAction\",\"target\":{\"@type\":\"EntryPoint\",\"urlTemplate\":\"https:\/\/www.neuromuscularbcn.org\/ca\/?s={search_term_string}\"},\"query-input\":{\"@type\":\"PropertyValueSpecification\",\"valueRequired\":true,\"valueName\":\"search_term_string\"}}],\"inLanguage\":\"ca\"},{\"@type\":\"Organization\",\"@id\":\"https:\/\/www.neuromuscularbcn.org\/ca\/#organization\",\"name\":\"Neuromuscular BCN - Sant Pau\",\"url\":\"https:\/\/www.neuromuscularbcn.org\/ca\/\",\"logo\":{\"@type\":\"ImageObject\",\"inLanguage\":\"ca\",\"@id\":\"https:\/\/www.neuromuscularbcn.org\/ca\/#\/schema\/logo\/image\/\",\"url\":\"https:\/\/www.neuromuscularbcn.org\/wp-content\/uploads\/2025\/06\/cropped-favicon_logotip.png\",\"contentUrl\":\"https:\/\/www.neuromuscularbcn.org\/wp-content\/uploads\/2025\/06\/cropped-favicon_logotip.png\",\"width\":512,\"height\":512,\"caption\":\"Neuromuscular BCN - Sant Pau\"},\"image\":{\"@id\":\"https:\/\/www.neuromuscularbcn.org\/ca\/#\/schema\/logo\/image\/\"},\"sameAs\":[\"https:\/\/x.com\/NMDSantPau\"]}]}<\/script>\n<!-- \/ Yoast SEO plugin. -->","yoast_head_json":{"title":"Paula Llarch Cegarra - Neuromuscular BCN","robots":{"index":"index","follow":"follow","max-snippet":"max-snippet:-1","max-image-preview":"max-image-preview:large","max-video-preview":"max-video-preview:-1"},"canonical":"https:\/\/www.neuromuscularbcn.org\/ca\/quienes_somos\/paula-llarch-cegarra\/","og_locale":"ca_ES","og_type":"article","og_title":"Paula Llarch Cegarra - Neuromuscular BCN","og_description":"Paula Llarch Cegarra (Barcelona, 1997) \u00e9s t\u00e8cnica superior de laboratori per l&#8217;Institut Bonanova de Barcelona (2017) i graduada en Bioqu\u00edmica per la Universitat Aut\u00f2noma de Barcelona (2021). La seva traject\u00f2ria professional va comen\u00e7ar al Laboratori de Refer\u00e8ncia de Catalunya, on va treballar com a t\u00e8cnica de laboratori als departaments de Biologia Molecular i Microbiologia. Durant aquesta etapa, va mostrar un creixent inter\u00e8s per la immunologia en participar en un projecte amb un immun\u00f2leg adjunt [...]","og_url":"https:\/\/www.neuromuscularbcn.org\/ca\/quienes_somos\/paula-llarch-cegarra\/","og_site_name":"Neuromuscular BCN","article_modified_time":"2025-03-30T07:40:12+00:00","og_image":[{"width":1146,"height":1391,"url":"https:\/\/www.neuromuscularbcn.org\/wp-content\/uploads\/2025\/03\/img-7875-5.jpg","type":"image\/jpeg"}],"twitter_card":"summary_large_image","twitter_site":"@NMDSantPau","twitter_misc":{"Temps estimat de lectura":"1 minut"},"schema":{"@context":"https:\/\/schema.org","@graph":[{"@type":"WebPage","@id":"https:\/\/www.neuromuscularbcn.org\/ca\/quienes_somos\/paula-llarch-cegarra\/","url":"https:\/\/www.neuromuscularbcn.org\/ca\/quienes_somos\/paula-llarch-cegarra\/","name":"Paula Llarch Cegarra - Neuromuscular BCN","isPartOf":{"@id":"https:\/\/www.neuromuscularbcn.org\/ca\/#website"},"primaryImageOfPage":{"@id":"https:\/\/www.neuromuscularbcn.org\/ca\/quienes_somos\/paula-llarch-cegarra\/#primaryimage"},"image":{"@id":"https:\/\/www.neuromuscularbcn.org\/ca\/quienes_somos\/paula-llarch-cegarra\/#primaryimage"},"thumbnailUrl":"https:\/\/www.neuromuscularbcn.org\/wp-content\/uploads\/2025\/03\/img-7875-5.jpg","datePublished":"2025-03-17T16:15:26+00:00","dateModified":"2025-03-30T07:40:12+00:00","breadcrumb":{"@id":"https:\/\/www.neuromuscularbcn.org\/ca\/quienes_somos\/paula-llarch-cegarra\/#breadcrumb"},"inLanguage":"ca","potentialAction":[{"@type":"ReadAction","target":["https:\/\/www.neuromuscularbcn.org\/ca\/quienes_somos\/paula-llarch-cegarra\/"]}]},{"@type":"ImageObject","inLanguage":"ca","@id":"https:\/\/www.neuromuscularbcn.org\/ca\/quienes_somos\/paula-llarch-cegarra\/#primaryimage","url":"https:\/\/www.neuromuscularbcn.org\/wp-content\/uploads\/2025\/03\/img-7875-5.jpg","contentUrl":"https:\/\/www.neuromuscularbcn.org\/wp-content\/uploads\/2025\/03\/img-7875-5.jpg","width":1146,"height":1391},{"@type":"BreadcrumbList","@id":"https:\/\/www.neuromuscularbcn.org\/ca\/quienes_somos\/paula-llarch-cegarra\/#breadcrumb","itemListElement":[{"@type":"ListItem","position":1,"name":"Portada","item":"https:\/\/www.neuromuscularbcn.org\/ca\/"},{"@type":"ListItem","position":2,"name":"Paula Llarch Cegarra"}]},{"@type":"WebSite","@id":"https:\/\/www.neuromuscularbcn.org\/ca\/#website","url":"https:\/\/www.neuromuscularbcn.org\/ca\/","name":"Neuromuscular BCN","description":"Neuromuscular BCN - Unidad Neuromuscular del hospital de Sant Pau","publisher":{"@id":"https:\/\/www.neuromuscularbcn.org\/ca\/#organization"},"alternateName":"Neuromuscular BCN - Unidad Neuromuscular del hospital de Sant Pau","potentialAction":[{"@type":"SearchAction","target":{"@type":"EntryPoint","urlTemplate":"https:\/\/www.neuromuscularbcn.org\/ca\/?s={search_term_string}"},"query-input":{"@type":"PropertyValueSpecification","valueRequired":true,"valueName":"search_term_string"}}],"inLanguage":"ca"},{"@type":"Organization","@id":"https:\/\/www.neuromuscularbcn.org\/ca\/#organization","name":"Neuromuscular BCN - Sant Pau","url":"https:\/\/www.neuromuscularbcn.org\/ca\/","logo":{"@type":"ImageObject","inLanguage":"ca","@id":"https:\/\/www.neuromuscularbcn.org\/ca\/#\/schema\/logo\/image\/","url":"https:\/\/www.neuromuscularbcn.org\/wp-content\/uploads\/2025\/06\/cropped-favicon_logotip.png","contentUrl":"https:\/\/www.neuromuscularbcn.org\/wp-content\/uploads\/2025\/06\/cropped-favicon_logotip.png","width":512,"height":512,"caption":"Neuromuscular BCN - Sant Pau"},"image":{"@id":"https:\/\/www.neuromuscularbcn.org\/ca\/#\/schema\/logo\/image\/"},"sameAs":["https:\/\/x.com\/NMDSantPau"]}]}},"_links":{"self":[{"href":"https:\/\/www.neuromuscularbcn.org\/ca\/wp-json\/wp\/v2\/quienes_somos\/1973","targetHints":{"allow":["GET"]}}],"collection":[{"href":"https:\/\/www.neuromuscularbcn.org\/ca\/wp-json\/wp\/v2\/quienes_somos"}],"about":[{"href":"https:\/\/www.neuromuscularbcn.org\/ca\/wp-json\/wp\/v2\/types\/quienes_somos"}],"wp:featuredmedia":[{"embeddable":true,"href":"https:\/\/www.neuromuscularbcn.org\/ca\/wp-json\/wp\/v2\/media\/1974"}],"wp:attachment":[{"href":"https:\/\/www.neuromuscularbcn.org\/ca\/wp-json\/wp\/v2\/media?parent=1973"}],"wp:term":[{"taxonomy":"subequipo","embeddable":true,"href":"https:\/\/www.neuromuscularbcn.org\/ca\/wp-json\/wp\/v2\/subequipo?post=1973"}],"curies":[{"name":"wp","href":"https:\/\/api.w.org\/{rel}","templated":true}]}}

<p>Paula Llarch Cegarra (Barcelona, 1997) és tècnica superior de laboratori per l&#8217;Institut Bonanova de Barcelona (2017) i graduada en Bioquímica per la Universitat Autònoma de Barcelona (2021).</p>



<p>La seva trajectòria professional va començar al Laboratori de Referència de Catalunya, on va treballar com a tècnica de laboratori als departaments de Biologia Molecular i Microbiologia. Durant aquesta etapa, va mostrar un creixent interès per la immunologia en participar en un projecte amb un immunòleg adjunt vinculat a l&#8217;àmbit de la recerca.</p>



<p>L’any 2022, es va incorporar al servei d’immunologia de l’Hospital de la Santa Creu i Sant Pau, on va treballar en les àrees d’al·lèrgia, autoimmunitat i neuromuscular, centrant-se en el diagnòstic clínic. Des del 2024, forma part de la Unitat Neuromuscular de l’Institut de Recerca de Sant Pau com a tècnica superior de laboratori. La seva feina actual se centra en la col·laboració en projectes que investiguen les neuropaties autoimmunes, explorant els mecanismes autoimmunes que afecten el nervi perifèric i el node de Ranvier.</p>



<p><strong>Formació acadèmica:</strong></p>



<ul class="wp-block-list">
<li>Tècnica Superior de Laboratori Clínic i Biomèdic (Institut Bonanova de Barcelona, 2017)</li>



<li>Graduada en Bioquímica (Universitat Autònoma de Barcelona, 2021)</li>
</ul>

<!-- This site is optimized with the Yoast SEO plugin v27.2 - https://yoast.com/product/yoast-seo-wordpress/ -->
<title>Paula Llarch Cegarra - Neuromuscular BCN</title>
<meta name="robots" content="index, follow, max-snippet:-1, max-image-preview:large, max-video-preview:-1" />
<link rel="canonical" href="https://www.neuromuscularbcn.org/ca/quienes_somos/paula-llarch-cegarra/" />
<meta property="og:locale" content="ca_ES" />
<meta property="og:type" content="article" />
<meta property="og:title" content="Paula Llarch Cegarra - Neuromuscular BCN" />
<meta property="og:description" content="Paula Llarch Cegarra (Barcelona, 1997) és tècnica superior de laboratori per l&#8217;Institut Bonanova de Barcelona (2017) i graduada en Bioquímica per la Universitat Autònoma de Barcelona (2021). La seva trajectòria professional va començar al Laboratori de Referència de Catalunya, on va treballar com a tècnica de laboratori als departaments de Biologia Molecular i Microbiologia. Durant aquesta etapa, va mostrar un creixent interès per la immunologia en participar en un projecte amb un immunòleg adjunt [...]" />
<meta property="og:url" content="https://www.neuromuscularbcn.org/ca/quienes_somos/paula-llarch-cegarra/" />
<meta property="og:site_name" content="Neuromuscular BCN" />
<meta property="article:modified_time" content="2025-03-30T07:40:12+00:00" />
<meta property="og:image" content="https://www.neuromuscularbcn.org/wp-content/uploads/2025/03/img-7875-5.jpg" />
	<meta property="og:image:width" content="1146" />
	<meta property="og:image:height" content="1391" />
	<meta property="og:image:type" content="image/jpeg" />
<meta name="twitter:card" content="summary_large_image" />
<meta name="twitter:site" content="@NMDSantPau" />
<meta name="twitter:label1" content="Temps estimat de lectura" />
	<meta name="twitter:data1" content="1 minut" />
<script type="application/ld+json" class="yoast-schema-graph">{"@context":"https://schema.org","@graph":[{"@type":"WebPage","@id":"https://www.neuromuscularbcn.org/ca/quienes_somos/paula-llarch-cegarra/","url":"https://www.neuromuscularbcn.org/ca/quienes_somos/paula-llarch-cegarra/","name":"Paula Llarch Cegarra - Neuromuscular BCN","isPartOf":{"@id":"https://www.neuromuscularbcn.org/ca/#website"},"primaryImageOfPage":{"@id":"https://www.neuromuscularbcn.org/ca/quienes_somos/paula-llarch-cegarra/#primaryimage"},"image":{"@id":"https://www.neuromuscularbcn.org/ca/quienes_somos/paula-llarch-cegarra/#primaryimage"},"thumbnailUrl":"https://www.neuromuscularbcn.org/wp-content/uploads/2025/03/img-7875-5.jpg","datePublished":"2025-03-17T16:15:26+00:00","dateModified":"2025-03-30T07:40:12+00:00","breadcrumb":{"@id":"https://www.neuromuscularbcn.org/ca/quienes_somos/paula-llarch-cegarra/#breadcrumb"},"inLanguage":"ca","potentialAction":[{"@type":"ReadAction","target":["https://www.neuromuscularbcn.org/ca/quienes_somos/paula-llarch-cegarra/"]}]},{"@type":"ImageObject","inLanguage":"ca","@id":"https://www.neuromuscularbcn.org/ca/quienes_somos/paula-llarch-cegarra/#primaryimage","url":"https://www.neuromuscularbcn.org/wp-content/uploads/2025/03/img-7875-5.jpg","contentUrl":"https://www.neuromuscularbcn.org/wp-content/uploads/2025/03/img-7875-5.jpg","width":1146,"height":1391},{"@type":"BreadcrumbList","@id":"https://www.neuromuscularbcn.org/ca/quienes_somos/paula-llarch-cegarra/#breadcrumb","itemListElement":[{"@type":"ListItem","position":1,"name":"Portada","item":"https://www.neuromuscularbcn.org/ca/"},{"@type":"ListItem","position":2,"name":"Paula Llarch Cegarra"}]},{"@type":"WebSite","@id":"https://www.neuromuscularbcn.org/ca/#website","url":"https://www.neuromuscularbcn.org/ca/","name":"Neuromuscular BCN","description":"Neuromuscular BCN - Unidad Neuromuscular del hospital de Sant Pau","publisher":{"@id":"https://www.neuromuscularbcn.org/ca/#organization"},"alternateName":"Neuromuscular BCN - Unidad Neuromuscular del hospital de Sant Pau","potentialAction":[{"@type":"SearchAction","target":{"@type":"EntryPoint","urlTemplate":"https://www.neuromuscularbcn.org/ca/?s={search_term_string}"},"query-input":{"@type":"PropertyValueSpecification","valueRequired":true,"valueName":"search_term_string"}}],"inLanguage":"ca"},{"@type":"Organization","@id":"https://www.neuromuscularbcn.org/ca/#organization","name":"Neuromuscular BCN - Sant Pau","url":"https://www.neuromuscularbcn.org/ca/","logo":{"@type":"ImageObject","inLanguage":"ca","@id":"https://www.neuromuscularbcn.org/ca/#/schema/logo/image/","url":"https://www.neuromuscularbcn.org/wp-content/uploads/2025/06/cropped-favicon_logotip.png","contentUrl":"https://www.neuromuscularbcn.org/wp-content/uploads/2025/06/cropped-favicon_logotip.png","width":512,"height":512,"caption":"Neuromuscular BCN - Sant Pau"},"image":{"@id":"https://www.neuromuscularbcn.org/ca/#/schema/logo/image/"},"sameAs":["https://x.com/NMDSantPau"]}]}</script>
<!-- / Yoast SEO plugin. -->

Paula Llarch Cegarra (Barcelona, 1997) és tècnica superior de laboratori per l&#8217;Institut Bonanova de Barcelona (2017) i graduada en Bioquímica per la Universitat Autònoma de Barcelona (2021). La seva trajectòria professional va començar al Laboratori de Referència de Catalunya, on va treballar com a tècnica de laboratori als departaments de Biologia Molecular i Microbiologia. Durant aquesta etapa, va mostrar un creixent interès per la immunologia en participar en un projecte amb un immunòleg adjunt [...]
